{"id":133,"date":"2026-03-02T13:27:38","date_gmt":"2026-03-02T13:27:38","guid":{"rendered":"https:\/\/www.construredesbyb.com\/?post_type=product&#038;p=133"},"modified":"2026-03-02T13:27:38","modified_gmt":"2026-03-02T13:27:38","slug":"union-temporal-vivienda-digna-san-pablo","status":"publish","type":"product","link":"https:\/\/www.construredesbyb.com\/?product=union-temporal-vivienda-digna-san-pablo","title":{"rendered":"UNI\u00d3N TEMPORAL VIVIENDA DIGNA SAN PABLO"},"content":{"rendered":"<p>CONTRATANTE: UNI\u00d3N TEMPORAL VIVIENDA<br \/>\nDIGNA SAN PABLO<br \/>\nCONTRATO N\u00b0: UTVD-001<br \/>\nOBJETO: Mano de obra de construcci\u00f3n de 61<br \/>\nviviendas, San Pablo, Departamento Bol\u00edvar.<br \/>\nA\u00d1O: 2022<br \/>\nREFERENCIA: Munir Akle<\/p>\n","protected":false},"excerpt":{"rendered":"<p>CONTRATANTE: UNI\u00d3N TEMPORAL VIVIENDA DIGNA SAN PABLO CONTRATO N\u00b0: UTVD-001 OBJETO: Mano de obra de construcci\u00f3n de 61 viviendas, San Pablo, Departamento Bol\u00edvar. A\u00d1O: 2022 REFERENCIA: Munir Akle<\/p>\n","protected":false},"featured_media":134,"comment_status":"open","ping_status":"closed","template":"","meta":{"_et_pb_use_builder":"","_et_pb_old_content":"","_et_gb_content_width":""},"product_brand":[],"product_cat":[16],"product_tag":[],"class_list":{"0":"post-133","1":"product","2":"type-product","3":"status-publish","4":"has-post-thumbnail","6":"product_cat-uncategorized","8":"first","9":"instock","10":"shipping-taxable","11":"product-type-simple"},"_links":{"self":[{"href":"https:\/\/www.construredesbyb.com\/index.php?rest_route=\/wp\/v2\/product\/133","targetHints":{"allow":["GET"]}}],"collection":[{"href":"https:\/\/www.construredesbyb.com\/index.php?rest_route=\/wp\/v2\/product"}],"about":[{"href":"https:\/\/www.construredesbyb.com\/index.php?rest_route=\/wp\/v2\/types\/product"}],"replies":[{"embeddable":true,"href":"https:\/\/www.construredesbyb.com\/index.php?rest_route=%2Fwp%2Fv2%2Fcomments&post=133"}],"wp:featuredmedia":[{"embeddable":true,"href":"https:\/\/www.construredesbyb.com\/index.php?rest_route=\/wp\/v2\/media\/134"}],"wp:attachment":[{"href":"https:\/\/www.construredesbyb.com\/index.php?rest_route=%2Fwp%2Fv2%2Fmedia&parent=133"}],"wp:term":[{"taxonomy":"product_brand","embeddable":true,"href":"https:\/\/www.construredesbyb.com\/index.php?rest_route=%2Fwp%2Fv2%2Fproduct_brand&post=133"},{"taxonomy":"product_cat","embeddable":true,"href":"https:\/\/www.construredesbyb.com\/index.php?rest_route=%2Fwp%2Fv2%2Fproduct_cat&post=133"},{"taxonomy":"product_tag","embeddable":true,"href":"https:\/\/www.construredesbyb.com\/index.php?rest_route=%2Fwp%2Fv2%2Fproduct_tag&post=133"}],"curies":[{"name":"wp","href":"https:\/\/api.w.org\/{rel}","templated":true}]}}