{"id":131,"date":"2026-03-02T13:26:05","date_gmt":"2026-03-02T13:26:05","guid":{"rendered":"https:\/\/www.construredesbyb.com\/?post_type=product&#038;p=131"},"modified":"2026-03-02T13:26:05","modified_gmt":"2026-03-02T13:26:05","slug":"terrapin-s-a-s-2","status":"publish","type":"product","link":"https:\/\/www.construredesbyb.com\/?product=terrapin-s-a-s-2","title":{"rendered":"TERRAPIN S.A.S"},"content":{"rendered":"<p>CONTRATANTE: TERRAPIN S.A.S.<br \/>\nCONTRATO N\u00b0:OT SEV 160<br \/>\nOBJETO: Conexiones de agua potable en<br \/>\nproyecto Sevilla Real, 187 viviendas,<br \/>\nBarranquilla &#8211; Atl\u00e1ntico.<br \/>\nA\u00d1O: 2022<br \/>\nREFERENCIA: Andr\u00e9s Rangel<\/p>\n","protected":false},"excerpt":{"rendered":"<p>CONTRATANTE: TERRAPIN S.A.S. CONTRATO N\u00b0:OT SEV 160 OBJETO: Conexiones de agua potable en proyecto Sevilla Real, 187 viviendas, Barranquilla &#8211; Atl\u00e1ntico. A\u00d1O: 2022 REFERENCIA: Andr\u00e9s Rangel<\/p>\n","protected":false},"featured_media":132,"comment_status":"open","ping_status":"closed","template":"","meta":{"_et_pb_use_builder":"","_et_pb_old_content":"","_et_gb_content_width":""},"product_brand":[],"product_cat":[16],"product_tag":[],"class_list":{"0":"post-131","1":"product","2":"type-product","3":"status-publish","4":"has-post-thumbnail","6":"product_cat-uncategorized","8":"first","9":"instock","10":"shipping-taxable","11":"product-type-simple"},"_links":{"self":[{"href":"https:\/\/www.construredesbyb.com\/index.php?rest_route=\/wp\/v2\/product\/131","targetHints":{"allow":["GET"]}}],"collection":[{"href":"https:\/\/www.construredesbyb.com\/index.php?rest_route=\/wp\/v2\/product"}],"about":[{"href":"https:\/\/www.construredesbyb.com\/index.php?rest_route=\/wp\/v2\/types\/product"}],"replies":[{"embeddable":true,"href":"https:\/\/www.construredesbyb.com\/index.php?rest_route=%2Fwp%2Fv2%2Fcomments&post=131"}],"wp:featuredmedia":[{"embeddable":true,"href":"https:\/\/www.construredesbyb.com\/index.php?rest_route=\/wp\/v2\/media\/132"}],"wp:attachment":[{"href":"https:\/\/www.construredesbyb.com\/index.php?rest_route=%2Fwp%2Fv2%2Fmedia&parent=131"}],"wp:term":[{"taxonomy":"product_brand","embeddable":true,"href":"https:\/\/www.construredesbyb.com\/index.php?rest_route=%2Fwp%2Fv2%2Fproduct_brand&post=131"},{"taxonomy":"product_cat","embeddable":true,"href":"https:\/\/www.construredesbyb.com\/index.php?rest_route=%2Fwp%2Fv2%2Fproduct_cat&post=131"},{"taxonomy":"product_tag","embeddable":true,"href":"https:\/\/www.construredesbyb.com\/index.php?rest_route=%2Fwp%2Fv2%2Fproduct_tag&post=131"}],"curies":[{"name":"wp","href":"https:\/\/api.w.org\/{rel}","templated":true}]}}